hen 1202 is divided by 396.
14
What is the remainder when 97 is divided by 7?
6
Calculate the remainder when 4118 is divided by 1368.
14
Calculate the remainder when 224 is divided by 40.
24
Calculate the remainder when 541 is divided by 91.
86
Calculate the remainder when 114 is divided by 13.
10
What is the remainder when 14337 is divided by 107?
106
What is the remainder when 3167 is divided by 33?
32
Calculate the remainder when 452 is divided by 133.
53
What is the remainder when 559 is divided by 7?
6
Calculate the remainder when 95 is divided by 10.
5
Calculate the remainder when 382 is divided by 96.
94
What is the remainder when 264 is divided by 134?
130
Calculate the remainder when 1233 is divided by 276.
129
Calculate the remainder when 8500 is divided by 181.
174
What is the remainder when 506 is divided by 170?
166
What is the remainder when 53795 is divided by 23?
21
Calculate the remainder when 1086 is divided by 67.
14
What is the remainder when 672 is divided by 167?
4
What is the remainder when 712 is divided by 20?
12
What is the remainder when 136 is divided by 7?
3
What is the remainder when 1815 is divided by 23?
21
What is the remainder when 11035 is divided by 230?
225
What is the remainder when 917 is divided by 34?
33
What is the remainder when 5745 is divided by 1?
0
Calculate the remainder when 132 is divided by 90.
42
What is the remainder when 740 is divided by 17?
9
Calculate the remainder when 315 is divided by 19.
11
Calculate the remainder when 382 is divided by 8.
6
Calculate the remainder when 8168 is divided by 43.
41
Calculate the remainder when 6322 is divided by 6.
4
Calculate the remainder when 2978 is divided by 1488.
2
What is the remainder when 118 is divided by 31?
25
Calculate the remainder when 494 is divided by 5.
4
Calculate the remainder when 461 is divided by 145.
26
What is the remainder when 10918 is divided by 14?
12
What is the remainder when 118 is divided by 95?
23
What is the remainder when 355 is divided by 40?
35
Calculate the remainder when 256 is divided by 33.
25
What is the remainder when 505 is divided by 49?
15
What is the remainder when 248 is divided by 130?
118
Calculate the remainder when 1508 is divided by 497.
17
Calculate the remainder when 3967 is divided by 18.
7
Calculate the remainder when 83 is divided by 59.
24
Calculate the remainder when 395 is divided by 72.
35
What is the remainder when 10470 is divided by 136?
134
Calculate the remainder when 169 is divided by 44.
37
Calculate the remainder when 553 is divided by 40.
33
What is the remainder when 55 is divided by 8?
7
What is the remainder when 1689 is divided by 551?
36
What is the remainder when 279 is divided by 64?
23
Calculate the remainder when 20 is divided by 8.
4
What is the remainder when 417 is divided by 129?
30
What is the remainder when 439 is divided by 145?
4
Calculate the remainder when 1725 is divided by 64.
61
Calculate the remainder when 213 is divided by 81.
51
Calculate the remainder when 174 is divided by 85.
4
Calculate the remainder when 158 is divided by 23.
20
What is the remainder when 382 is divided by 49?
39
What is the remainder when 2742 is divided by 909?
15
What is the remainder when 1198 is divided by 166?
36
What is the remainder when 365 is divided by 23?
20
What is the remainder when 134 is divided by 50?
34
What is the remainder when 146 is divided by 38?
32
Calculate the remainder when 161 is divided by 59.
43
Calculate the remainder when 173 is divided by 20.
13
What is the remainder when 1229 is divided by 11?
8
Calculate the remainder when 92 is divided by 11.
4
What is the remainder when 66 is divided by 22?
0
What is the remainder when 235 is divided by 48?
43
What is the remainder when 2093 is divided by 8?
5
Calculate the remainder when 1169 is divided by 30.
29
What is the remainder when 654 is divided by 168?
150
Calculate the remainder when 48 is divided by 3.
0
What is the remainder when 311 is divided by 63?
59
Calculate the remainder when 191 is divided by 64.
63
What is the remainder when 3753 is divided by 1870?
13
What is the remainder when 99 is divided by 26?
21
Calculate the remainder when 1010 is divided by 92.
90
Calculate the remainder when 162 is divided by 46.
24
What is the remainder when 307 is divided by 31?
28
What is the remainder when 846 is divided by 300?
246
What is the remainder when 176 is divided by 168?
8
Calculate the remainder when 118 is divided by 17.
16
Calculate the remainder when 67 is divided by 17.
16
Calculate the remainder when 413 is divided by 114.
71
Calculate the remainder when 982 is divided by 4.
2
Calculate the remainder when 638 is divided by 128.
126
What is the remainder when 177 is divided by 83?
11
Calculate the remainder when 1665 is divided by 1648.
17
What is the remainder when 141 is divided by 49?
43
Calculate the remainder when 59 is divided by 6.
5
What is the remainder when 792 is divided by 64?
24
Calculate the remainder when 419 is divided by 107.
98
Calculate the remainder when 77 is divided by 20.
17
What is the remainder when 41 is divided by 14?
13
Calculate the remainder when 86 is divided by 25.
11
Calculate the remainder when 503 is divided by 127.
122
Calculate the remainder when 520 is divided by 170.
10
Calculate the remainder when 7859 is divided by 6.
5
What is the remainder when 1108 is divided by 3?
1
What is the remainder when 1702 is divided by 235?
57
Calculate the remainder when 633 is divided by 12.
9
What is the remainder when 36249 is divided by 22?
15
What is the remainder when 152 is divided by 40?
32
What is the remainder when 122 is divided by 48?
26
Calculate the remainder when 87 is divided by 24.
15
What is the remainder when 266 is divided by 51?
11
What is the remainder when 237 is divided by 22?
17
What is the remainder when 262 is divided by 118?
26
Calculate the remainder when 18793 is divided by 179.
177
What is the remainder when 672 is divided by 25?
22
What is the remainder when 367 is divided by 71?
12
Calculate the remainder when 1384 is divided by 14.
12
What is the remainder when 574 is divided by 80?
14
What is the remainder when 285 is divided by 99?
87
Calculate the remainder when 169 is divided by 87.
82
Calculate the remainder when 133 is divided by 46.
41
What is the remainder when 87 is divided by 33?
21
What is the remainder when 5278 is divided by 40?
38
Calculate the remainder when 488 is divided by 77.
26
What is the remainder when 525 is divided by 66?
63
Calculate the remainder when 8874 is divided by 317.
315
What is the remainder when 9 is divided by 5?
4
What is the remainder when 60 is divided by 16?
12
Calculate the remainder when 196 is divided by 180.
16
What is the remainder when 152 is divided by 23?
14
Calculate the remainder when 28 is divided by 8.
4
What is the remainder when 31 is divided by 16?
15
Calculate the remainder when 1361 is divided by 453.
2
Calculate the remainder when 441 is divided by 28.
21
What is the remainder when 304 is divided by 9?
7
What is the remainder when 2645 is divided by 63?
62
Calculate the remainder when 307 is divided by 63.
55
What is the remainder when 3712 is divided by 26?
20
What is the remainder when 339 is divided by 31?
29
What is the remainder when 82 is divided by 36?
10
What is the remainder when 4899 is divided by 20?
19
What is the remainder when 336 is divided by 317?
19
What is the remainder when 5484 is divided by 2738?
8
Calculate the remainder when 241 is divided by 50.
41
What is the remainder when 432 is divided by 28?
12
Calculate the remainder when 3966 is divided by 1980.
6
Calculate the remainder when 35 is divided by 25.
10
Calculate the remainder when 326 is divided by 41.
39
What is the remainder when 608 is divided by 68?
64
Calculate the remainder when 7194 is divided by 35.
19
Calculate the remainder when 3301 is divided by 174.
169
What is the remainder when 481 is divided by 11?
8
Calculate the remainder when 1192 is divided by 3.
1
Calculate the remainder when 161 is divided by 38.
9
Calculate the remainder when 126 is divided by 10.
6
What is the remainder when 2951 is divided by 72?
71
Calculate the remainder when 464 is divided by 78.
74
Calculate the remainder wh